{"id":736,"date":"2024-02-04T19:45:20","date_gmt":"2024-02-04T18:45:20","guid":{"rendered":"https:\/\/fanfaresaignelegier.ch\/wordpress\/?page_id=736"},"modified":"2024-02-04T19:45:20","modified_gmt":"2024-02-04T18:45:20","slug":"charges","status":"publish","type":"page","link":"https:\/\/fanfaresaignelegier.ch\/wordpress\/?page_id=736","title":{"rendered":"Charges"},"content":{"rendered":"<p class=\"wp-block-paragraph\">Comit\u00e9<\/p>\n<figure class=\"wp-block-table\">\n<table>\n<thead>\n<tr>\n<th>Fonction<\/th>\n<th>Pr\u00e9nom &#8211; Nom<\/th>\n<th>Contact mail<\/th>\n<th>T\u00e9l\u00e9phone<\/th>\n<\/tr>\n<\/thead>\n<tbody>\n<tr>\n<td>Pr\u00e9sident<\/td>\n<td>Fabrice Gogniat<\/td>\n<td>president@fanfaresaignelegier.ch<\/td>\n<td>+4176 597 38 68<\/td>\n<\/tr>\n<tr>\n<td>Vice-pr\u00e9sident<\/td>\n<td>Denis Farine<\/td>\n<td>denis.farine@fanfaresaignelgier.ch<\/td>\n<td><\/td>\n<\/tr>\n<tr>\n<td>Caissi\u00e8re<\/td>\n<td>Christiane Guenot<\/td>\n<td>caissier@fanfaresaignelegier.ch<\/td>\n<td><\/td>\n<\/tr>\n<tr>\n<td>Secr\u00e9taire<\/td>\n<td>Dorine Varrin<\/td>\n<td>secretariat@fanfaresaignelegier.ch<\/td>\n<td><\/td>\n<\/tr>\n<tr>\n<td>Assesseure<\/td>\n<td>Emmanuele Fr\u00e9sard<\/td>\n<td>emmanuelle.fresard@fanfaresaignelegier.ch<\/td>\n<td><\/td>\n<\/tr>\n<\/tbody>\n<\/table>\n<\/figure>\n<p class=\"wp-block-paragraph\">Commission de musique<\/p>\n<figure class=\"wp-block-table\">\n<table>\n<thead>\n<tr>\n<th>Fonction<\/th>\n<th>Pr\u00e9nom &#8211; Nom<\/th>\n<th>Contact<\/th>\n<th>T\u00e9l\u00e9phone<\/th>\n<\/tr>\n<\/thead>\n<tbody>\n<tr>\n<td>Directeur<\/td>\n<td>Jo\u00ebl Racine<\/td>\n<td>joel.racine@fanfaresaignelegier.ch<\/td>\n<td><\/td>\n<\/tr>\n<tr>\n<td><\/td>\n<td>Jean-Fran\u00e7ois Jemmely<\/td>\n<td><\/td>\n<td><\/td>\n<\/tr>\n<tr>\n<td><\/td>\n<td>Michel Queloz<\/td>\n<td><\/td>\n<td><\/td>\n<\/tr>\n<tr>\n<td><\/td>\n<td>Aurore Francey<\/td>\n<td><\/td>\n<td><\/td>\n<\/tr>\n<tr>\n<td><\/td>\n<td>Nicolas Fr\u00e9sard<\/td>\n<td><\/td>\n<td><\/td>\n<\/tr>\n<tr>\n<td><\/td>\n<td><\/td>\n<td><\/td>\n<td><\/td>\n<\/tr>\n<\/tbody>\n<\/table>\n<\/figure>\n<p class=\"wp-block-paragraph\">Commission de la rel\u00e8ve<\/p>\n<figure class=\"wp-block-table\">\n<table>\n<thead>\n<tr>\n<th>Fonction<\/th>\n<th>Pr\u00e9nom &#8211; Nom<\/th>\n<th>Contact<\/th>\n<th>T\u00e9l\u00e9phone<\/th>\n<\/tr>\n<\/thead>\n<tbody>\n<tr>\n<td>Responsable mouvement<br \/>des jeunes<\/td>\n<td>Nicolas Fr\u00e9sard<\/td>\n<td>nicolas.fresard@fanfaresaignelegier.ch<\/td>\n<td><\/td>\n<\/tr>\n<tr>\n<td><\/td>\n<td>Delphine Paratte<\/td>\n<td><\/td>\n<td><\/td>\n<\/tr>\n<tr>\n<td><\/td>\n<td>Robin Jemmely<\/td>\n<td><\/td>\n<td><\/td>\n<\/tr>\n<tr>\n<td><\/td>\n<td>Daniel Jemmely<\/td>\n<td><\/td>\n<td><\/td>\n<\/tr>\n<\/tbody>\n<\/table>\n<\/figure>\n","protected":false},"excerpt":{"rendered":"<p>Comit\u00e9 Fonction Pr\u00e9nom &#8211; Nom Contact mail T\u00e9l\u00e9phone Pr\u00e9sident Fabrice Gogniat president@fanfaresaignelegier.ch +4176 597 38 68 Vice-pr\u00e9sident Denis Farine denis.farine@fanfaresaignelgier.ch Caissi\u00e8re Christiane Guenot caissier@fanfaresaignelegier.ch Secr\u00e9taire Dorine Varrin secretariat@fanfaresaignelegier.ch Assesseure Emmanuele Fr\u00e9sard emmanuelle.fresard@fanfaresaignelegier.ch Commission de musique Fonction Pr\u00e9nom &#8211; Nom Contact T\u00e9l\u00e9phone Directeur Jo\u00ebl Racine joel.racine@fanfaresaignelegier.ch Jean-Fran\u00e7ois Jemmely Michel Queloz Aurore Francey Nicolas Fr\u00e9sard Commission de [&hellip;]<\/p>\n","protected":false},"author":2,"featured_media":0,"parent":0,"menu_order":0,"comment_status":"closed","ping_status":"closed","template":"","meta":{"footnotes":""},"class_list":["post-736","page","type-page","status-publish","hentry"],"_links":{"self":[{"href":"https:\/\/fanfaresaignelegier.ch\/wordpress\/index.php?rest_route=\/wp\/v2\/pages\/736","targetHints":{"allow":["GET"]}}],"collection":[{"href":"https:\/\/fanfaresaignelegier.ch\/wordpress\/index.php?rest_route=\/wp\/v2\/pages"}],"about":[{"href":"https:\/\/fanfaresaignelegier.ch\/wordpress\/index.php?rest_route=\/wp\/v2\/types\/page"}],"author":[{"embeddable":true,"href":"https:\/\/fanfaresaignelegier.ch\/wordpress\/index.php?rest_route=\/wp\/v2\/users\/2"}],"replies":[{"embeddable":true,"href":"https:\/\/fanfaresaignelegier.ch\/wordpress\/index.php?rest_route=%2Fwp%2Fv2%2Fcomments&post=736"}],"version-history":[{"count":1,"href":"https:\/\/fanfaresaignelegier.ch\/wordpress\/index.php?rest_route=\/wp\/v2\/pages\/736\/revisions"}],"predecessor-version":[{"id":738,"href":"https:\/\/fanfaresaignelegier.ch\/wordpress\/index.php?rest_route=\/wp\/v2\/pages\/736\/revisions\/738"}],"wp:attachment":[{"href":"https:\/\/fanfaresaignelegier.ch\/wordpress\/index.php?rest_route=%2Fwp%2Fv2%2Fmedia&parent=736"}],"curies":[{"name":"wp","href":"https:\/\/api.w.org\/{rel}","templated":true}]}}

<p class="wp-block-paragraph">Comité</p>
<figure class="wp-block-table">
<table>
<thead>
<tr>
<th>Fonction</th>
<th>Prénom &#8211; Nom</th>
<th>Contact mail</th>
<th>Téléphone</th>
</tr>
</thead>
<tbody>
<tr>
<td>Président</td>
<td>Fabrice Gogniat</td>
<td>president@fanfaresaignelegier.ch</td>
<td>+4176 597 38 68</td>
</tr>
<tr>
<td>Vice-président</td>
<td>Denis Farine</td>
<td>denis.farine@fanfaresaignelgier.ch</td>
<td></td>
</tr>
<tr>
<td>Caissière</td>
<td>Christiane Guenot</td>
<td>caissier@fanfaresaignelegier.ch</td>
<td></td>
</tr>
<tr>
<td>Secrétaire</td>
<td>Dorine Varrin</td>
<td>secretariat@fanfaresaignelegier.ch</td>
<td></td>
</tr>
<tr>
<td>Assesseure</td>
<td>Emmanuele Frésard</td>
<td>emmanuelle.fresard@fanfaresaignelegier.ch</td>
<td></td>
</tr>
</tbody>
</table>
</figure>
<p class="wp-block-paragraph">Commission de musique</p>
<figure class="wp-block-table">
<table>
<thead>
<tr>
<th>Fonction</th>
<th>Prénom &#8211; Nom</th>
<th>Contact</th>
<th>Téléphone</th>
</tr>
</thead>
<tbody>
<tr>
<td>Directeur</td>
<td>Joël Racine</td>
<td>joel.racine@fanfaresaignelegier.ch</td>
<td></td>
</tr>
<tr>
<td></td>
<td>Jean-François Jemmely</td>
<td></td>
<td></td>
</tr>
<tr>
<td></td>
<td>Michel Queloz</td>
<td></td>
<td></td>
</tr>
<tr>
<td></td>
<td>Aurore Francey</td>
<td></td>
<td></td>
</tr>
<tr>
<td></td>
<td>Nicolas Frésard</td>
<td></td>
<td></td>
</tr>
<tr>
<td></td>
<td></td>
<td></td>
<td></td>
</tr>
</tbody>
</table>
</figure>
<p class="wp-block-paragraph">Commission de la relève</p>
<figure class="wp-block-table">
<table>
<thead>
<tr>
<th>Fonction</th>
<th>Prénom &#8211; Nom</th>
<th>Contact</th>
<th>Téléphone</th>
</tr>
</thead>
<tbody>
<tr>
<td>Responsable mouvement<br />des jeunes</td>
<td>Nicolas Frésard</td>
<td>nicolas.fresard@fanfaresaignelegier.ch</td>
<td></td>
</tr>
<tr>
<td></td>
<td>Delphine Paratte</td>
<td></td>
<td></td>
</tr>
<tr>
<td></td>
<td>Robin Jemmely</td>
<td></td>
<td></td>
</tr>
<tr>
<td></td>
<td>Daniel Jemmely</td>
<td></td>
<td></td>
</tr>
</tbody>
</table>
</figure>

<p>Comité Fonction Prénom &#8211; Nom Contact mail Téléphone Président Fabrice Gogniat president@fanfaresaignelegier.ch +4176 597 38 68 Vice-président Denis Farine denis.farine@fanfaresaignelgier.ch Caissière Christiane Guenot caissier@fanfaresaignelegier.ch Secrétaire Dorine Varrin secretariat@fanfaresaignelegier.ch Assesseure Emmanuele Frésard emmanuelle.fresard@fanfaresaignelegier.ch Commission de musique Fonction Prénom &#8211; Nom Contact Téléphone Directeur Joël Racine joel.racine@fanfaresaignelegier.ch Jean-François Jemmely Michel Queloz Aurore Francey Nicolas Frésard Commission de [&hellip;]</p>
