{"id":100,"date":"2015-07-16T11:21:21","date_gmt":"2015-07-16T10:21:21","guid":{"rendered":"http:\/\/fanfaresaignelegier.ch\/wordpress\/?page_id=100"},"modified":"2015-07-16T11:21:21","modified_gmt":"2015-07-16T10:21:21","slug":"histo","status":"publish","type":"page","link":"https:\/\/fanfaresaignelegier.ch\/wordpress\/?page_id=100","title":{"rendered":"Historique"},"content":{"rendered":"<p>La Musique-Fanfare de Saignel\u00e9gier s&rsquo;est constitu\u00e9e en 1864 sous le nom de \u00ab\u00a0Musique-Fanfare\u00a0\u00bb. Cette soci\u00e9t\u00e9 \u00e9tait compos\u00e9e de 22 musiciens.<\/p>\n<p><!--more-->En 1869, elle participe \u00e0 la premi\u00e8re f\u00eate de musique des Franches-Montagnes au Noirmont, sous la direction de Jules Simonin directeur- soliste, renomm\u00e9 et admir\u00e9 parce que jouant de la main gauche et dirigeant de la main droite.<\/p>\n<p>La Musique-Fanfare dut subir le contre-coup de la politique et en 1889, ce fut la scission en Sacr\u00e9e-Musique, lib\u00e9rale et Musique-sacr\u00e9e, conservatrice. Cette p\u00e9riode s&rsquo;\u00e9tendit jusqu&rsquo;en 1904 o\u00f9 les deux soci\u00e9t\u00e9s form\u00e8rent \u00e0 nouveau la \u00ab\u00a0Musique-Fanfare\u00a0\u00bb.<\/p>\n<p>Le 17 f\u00e9vrier 1912, la soci\u00e9t\u00e9 donne son adh\u00e9sion \u00e0 la F\u00e9d\u00e9ration jurassienne de musique et d\u00e9cide de participer au concours de Tramelan le 2 juin suivant.<\/p>\n<p>Au d\u00e9but 1914, la Musique-Fanfare acquiert de nouveaux uniformes.<\/p>\n<p>Le 17 octobre 1920, la soci\u00e9t\u00e9 inaugure une nouvelle banni\u00e8re dont le mod\u00e8le fut \u00e9labor\u00e9 avec go\u00fbt par M. Joseph Beuret-Frantz, ancien membre. Les g\u00e9n\u00e9reux parrains et marraines \u00e9taient Mme et M. Paul Quenet et Mme et M. Arthur Girardin.<\/p>\n<p>En 1930, la soci\u00e9t\u00e9 fait l&rsquo;acquisition de nouveaux uniformes et c\u00e8de les pantalons \u00e0 ses membres au prix de 18 francs. Le co\u00fbt total de l&rsquo;uniforme est de 155 francs.<\/p>\n<p>Le 27 ao\u00fbt 1939, 75\u00e8me anniversaire.<\/p>\n<p>Au d\u00e9but de juin 1950, la soci\u00e9t\u00e9 inaugure de nouveaux \u00e9quipements.<\/p>\n<p>Les 29 et 30 ao\u00fbt 1964, la Musique-Fanfare organise son 100\u00e8me anniversaire.<\/p>\n<p>11 juin 1966, inauguration de nouveaux uniformes.<\/p>\n<p>1972. Fondation de la Fanfare des Cadets \u00ab\u00a0La Rel\u00e8ve\u00a0\u00bb. M. Henri Jemmely en est le pr\u00e9cieux promoteur et M. Antoine Jeanbourquin le premier directeur.<\/p>\n<p>Le 3 septembre 1973, la Musique-Fanfare inaugure sa nouvelle banni\u00e8re. Mme H\u00e9l\u00e8ne Taillard, \u00e9pouse d&rsquo;Andr\u00e9 et M. G\u00e9rard Queloz sont marraine et parrain.<\/p>\n<p>Le 29 ao\u00fbt, 1\u00e8re f\u00eate du Giron des Fanfares des Franches-Montagnes.<\/p>\n<p>En 1985, la FJM confie \u00e0 la Fanfare de Saignel\u00e9gier l&rsquo;organisation de son 100\u00e8me anniversaire.<\/p>\n<p>Les 18, 26 et 27 ao\u00fbt 1989, la Musique Fanfare de Saignel\u00e9gier organise son 125\u00e8me anniversaire.<\/p>\n","protected":false},"excerpt":{"rendered":"<p>La Musique-Fanfare de Saignel\u00e9gier s&rsquo;est constitu\u00e9e en 1864 sous le nom de \u00ab\u00a0Musique-Fanfare\u00a0\u00bb. Cette soci\u00e9t\u00e9 \u00e9tait compos\u00e9e de 22 musiciens.<\/p>\n","protected":false},"author":2,"featured_media":0,"parent":0,"menu_order":0,"comment_status":"closed","ping_status":"closed","template":"","meta":{"footnotes":""},"class_list":["post-100","page","type-page","status-publish","hentry"],"_links":{"self":[{"href":"https:\/\/fanfaresaignelegier.ch\/wordpress\/index.php?rest_route=\/wp\/v2\/pages\/100","targetHints":{"allow":["GET"]}}],"collection":[{"href":"https:\/\/fanfaresaignelegier.ch\/wordpress\/index.php?rest_route=\/wp\/v2\/pages"}],"about":[{"href":"https:\/\/fanfaresaignelegier.ch\/wordpress\/index.php?rest_route=\/wp\/v2\/types\/page"}],"author":[{"embeddable":true,"href":"https:\/\/fanfaresaignelegier.ch\/wordpress\/index.php?rest_route=\/wp\/v2\/users\/2"}],"replies":[{"embeddable":true,"href":"https:\/\/fanfaresaignelegier.ch\/wordpress\/index.php?rest_route=%2Fwp%2Fv2%2Fcomments&post=100"}],"version-history":[{"count":1,"href":"https:\/\/fanfaresaignelegier.ch\/wordpress\/index.php?rest_route=\/wp\/v2\/pages\/100\/revisions"}],"predecessor-version":[{"id":102,"href":"https:\/\/fanfaresaignelegier.ch\/wordpress\/index.php?rest_route=\/wp\/v2\/pages\/100\/revisions\/102"}],"wp:attachment":[{"href":"https:\/\/fanfaresaignelegier.ch\/wordpress\/index.php?rest_route=%2Fwp%2Fv2%2Fmedia&parent=100"}],"curies":[{"name":"wp","href":"https:\/\/api.w.org\/{rel}","templated":true}]}}

<p>La Musique-Fanfare de Saignelégier s&rsquo;est constituée en 1864 sous le nom de « Musique-Fanfare ». Cette société était composée de 22 musiciens.</p>
<p><!--more-->En 1869, elle participe à la première fête de musique des Franches-Montagnes au Noirmont, sous la direction de Jules Simonin directeur- soliste, renommé et admiré parce que jouant de la main gauche et dirigeant de la main droite.</p>
<p>La Musique-Fanfare dut subir le contre-coup de la politique et en 1889, ce fut la scission en Sacrée-Musique, libérale et Musique-sacrée, conservatrice. Cette période s&rsquo;étendit jusqu&rsquo;en 1904 où les deux sociétés formèrent à nouveau la « Musique-Fanfare ».</p>
<p>Le 17 février 1912, la société donne son adhésion à la Fédération jurassienne de musique et décide de participer au concours de Tramelan le 2 juin suivant.</p>
<p>Au début 1914, la Musique-Fanfare acquiert de nouveaux uniformes.</p>
<p>Le 17 octobre 1920, la société inaugure une nouvelle bannière dont le modèle fut élaboré avec goût par M. Joseph Beuret-Frantz, ancien membre. Les généreux parrains et marraines étaient Mme et M. Paul Quenet et Mme et M. Arthur Girardin.</p>
<p>En 1930, la société fait l&rsquo;acquisition de nouveaux uniformes et cède les pantalons à ses membres au prix de 18 francs. Le coût total de l&rsquo;uniforme est de 155 francs.</p>
<p>Le 27 août 1939, 75ème anniversaire.</p>
<p>Au début de juin 1950, la société inaugure de nouveaux équipements.</p>
<p>Les 29 et 30 août 1964, la Musique-Fanfare organise son 100ème anniversaire.</p>
<p>11 juin 1966, inauguration de nouveaux uniformes.</p>
<p>1972. Fondation de la Fanfare des Cadets « La Relève ». M. Henri Jemmely en est le précieux promoteur et M. Antoine Jeanbourquin le premier directeur.</p>
<p>Le 3 septembre 1973, la Musique-Fanfare inaugure sa nouvelle bannière. Mme Hélène Taillard, épouse d&rsquo;André et M. Gérard Queloz sont marraine et parrain.</p>
<p>Le 29 août, 1ère fête du Giron des Fanfares des Franches-Montagnes.</p>
<p>En 1985, la FJM confie à la Fanfare de Saignelégier l&rsquo;organisation de son 100ème anniversaire.</p>
<p>Les 18, 26 et 27 août 1989, la Musique Fanfare de Saignelégier organise son 125ème anniversaire.</p>

<p>La Musique-Fanfare de Saignelégier s&rsquo;est constituée en 1864 sous le nom de « Musique-Fanfare ». Cette société était composée de 22 musiciens.</p>
